nd 99.
33
Calculate the highest common divisor of 21041 and 409307.
397
Calculate the highest common factor of 476 and 24136.
28
Calculate the highest common divisor of 2826 and 2135043.
1413
Calculate the greatest common divisor of 1222 and 61711.
611
Calculate the greatest common factor of 375 and 6510.
15
What is the highest common factor of 2505055 and 38?
19
Calculate the greatest common factor of 24840 and 46230.
690
Calculate the greatest common factor of 508 and 2612.
4
Calculate the greatest common factor of 5605 and 3173.
19
Calculate the greatest common factor of 2934 and 117.
9
Calculate the greatest common divisor of 220221 and 9.
9
What is the highest common factor of 2594648 and 1568?
392
Calculate the highest common divisor of 322 and 1879997.
161
Calculate the greatest common factor of 32620 and 5126.
466
What is the highest common divisor of 37340 and 240?
20
Calculate the greatest common factor of 545211 and 9144.
1143
What is the highest common factor of 89 and 340959?
89
Calculate the highest common factor of 707 and 35.
7
What is the greatest common factor of 104 and 37336?
104
Calculate the greatest common divisor of 108690 and 66.
6
Calculate the highest common factor of 2666 and 9974839.
1333
Calculate the highest common factor of 2214 and 14186.
82
What is the highest common factor of 714 and 83198?
34
What is the greatest common divisor of 5376 and 6384?
336
Calculate the greatest common divisor of 1012 and 224480.
92
What is the greatest common divisor of 81 and 237924?
27
Calculate the greatest common factor of 3961 and 765.
17
Calculate the highest common factor of 22236 and 32844.
204
What is the highest common factor of 371148 and 336?
12
Calculate the highest common factor of 3741 and 28101.
87
Calculate the greatest common factor of 9128 and 172780.
652
Calculate the highest common factor of 1342 and 33916.
122
What is the greatest common factor of 5292 and 165228?
588
Calculate the highest common divisor of 98531 and 814.
37
Calculate the highest common divisor of 4644 and 135.
27
Calculate the greatest common divisor of 1365 and 640731.
273
What is the greatest common divisor of 366 and 1149362?
122
What is the greatest common divisor of 951897 and 123?
123
What is the greatest common divisor of 11 and 50193?
11
What is the highest common divisor of 1841916 and 204?
204
What is the greatest common divisor of 59 and 1457654?
59
Calculate the greatest common divisor of 7578 and 2899006.
842
What is the greatest common factor of 54 and 144?
18
What is the highest common factor of 48791 and 582?
97
What is the greatest common factor of 2106 and 101439?
351
What is the highest common factor of 7571 and 1469?
113
Calculate the greatest common divisor of 26560 and 415.
415
Calculate the greatest common factor of 430668 and 162.
18
What is the highest common factor of 243 and 326916?
81
Calculate the highest common divisor of 121180 and 700.
20
What is the greatest common factor of 1440 and 10140?
60
Calculate the highest common factor of 509 and 143029.
509
What is the highest common divisor of 2774608 and 456?
152
What is the greatest common divisor of 35857 and 23?
23
What is the highest common divisor of 3322 and 115346?
22
Calculate the highest common factor of 33001 and 81691.
541
Calculate the highest common divisor of 59306 and 3926.
26
Calculate the greatest common factor of 85908 and 228.
12
What is the highest common factor of 12 and 143700?
12
What is the greatest common divisor of 5 and 2003?
1
What is the greatest common factor of 104 and 61646?
26
What is the highest common divisor of 249 and 585399?
249
Calculate the highest common factor of 405 and 12675.
15
What is the greatest common factor of 50 and 1179070?
10
Calculate the highest common factor of 58504 and 16.
8
Calculate the greatest common divisor of 15850 and 200.
50
What is the greatest common divisor of 1449470 and 220?
110
Calculate the highest common divisor of 3374 and 13014.
482
What is the greatest common factor of 1855 and 665?
35
Calculate the highest common factor of 682 and 155186.
62
What is the greatest common factor of 1030936 and 434?
62
Calculate the highest common divisor of 620 and 40840.
20
What is the highest common divisor of 444064 and 48?
16
What is the highest common divisor of 24592 and 212?
212
Calculate the highest common divisor of 35 and 2660385.
35
Calculate the greatest common factor of 177 and 41654.
59
Calculate the greatest common factor of 795 and 3405.
15
What is the greatest common factor of 842 and 8890678?
842
Calculate the highest common factor of 120 and 132420.
60
Calculate the greatest common factor of 54138 and 378.
42
Calculate the highest common divisor of 90 and 804.
6
Calculate the greatest common factor of 183 and 643977.
183
Calculate the highest common divisor of 127105 and 22.
11
Calculate the highest common factor of 91698 and 372.
186
Calculate the greatest common factor of 221933 and 41.
41
Calculate the highest common divisor of 10514 and 8414.
14
Calculate the highest common divisor of 282036 and 570.
114
What is the greatest common divisor of 54975 and 75?
75
Calculate the highest common divisor of 21 and 1066233.
21
Calculate the greatest common divisor of 3712 and 1160.
232
What is the greatest common factor of 16 and 3740?
4
Calculate the highest common factor of 102 and 37655.
17
What is the highest common factor of 5 and 1381?
1
Calculate the highest common factor of 62 and 189534.
62
What is the highest common divisor of 495 and 69135?
165
Calculate the greatest common factor of 213767 and 9757.
887
What is the greatest common factor of 23474 and 15246?
242
What is the highest common factor of 651 and 79380?
21
Calculate the highest common factor of 1465935 and 15.
15
What is the highest common factor of 193068 and 744?
372
Calculate the greatest common factor of 500 and 640.
20
What is the greatest common divisor of 3496 and 232?
8
Calculate the greatest common factor of 3556 and 10108.
28
Calculate the highest common factor of 9816 and 6312.
24
Calculate the highest common divisor of 909 and 75.
3
Calculate the greatest common divisor of 23740 and 260.
20
What is the highest common factor of 854 and 366305?
61
Calculate the highest common factor of 452704 and 172.
172
Calculate the highest common divisor of 7763 and 462453.
1109
What is the highest common factor of 6045 and 17763?
93
Calculate the greatest common divisor of 163836 and 3854.
82
Calculate the greatest common divisor of 15 and 7365.
15
Calculate the greatest common divisor of 5159 and 4697.
77
Calculate the greatest common factor of 76937 and 2639.
203
Calculate the highest common divisor of 4116 and 5124.
84
Calculate the highest common divisor of 6 and 228918.
6
Calculate the highest common factor of 48 and 76650.
6
What is the greatest common divisor of 15825 and 24?
3
Calculate the highest common factor of 735 and 24675.
105
What is the highest common divisor of 4935 and 6063?
141
Calculate the highest common divisor of 13624 and 416.
104
Calculate the greatest common factor of 55741 and 7.
7
Calculate the highest common factor of 71 and 311051.
71
What is the greatest common divisor of 139 and 162769?
139
What is the greatest common factor of 143 and 9321?
13
What is the greatest common divisor of 50 and 15425?
25
Calculate the highest common divisor of 1925 and 13860.
385
What is the highest common factor of 4104 and 54492?
228
Calculate the greatest common factor of 43508 and 20148.
292
What is the highest common factor of 51633 and 45?
9
What is the highest common factor of 553 and 9875?
79
Calculate the highest common factor of 115 and 1016761.
23
What is the greatest common factor of 1190 and 23170?
70
Calculate the greatest common divisor of 13383 and 177.
3
Calculate the greatest common factor of 8190 and 8442.
126
What is the greatest common divisor of 144 and 1543320?
72
What is the highest common divisor of 60 and 348780?
60
Calculate the greatest common divisor of 224322 and 588.
294
Calculate the greatest common factor of 95186 and 1183.
91
What is the highest common divisor of 407 and 22237?
37
Calculate the greatest common divisor of 56981 and 38.
19
What is the greatest common divisor of